{"id":814,"date":"2022-07-27T10:09:33","date_gmt":"2022-07-27T15:09:33","guid":{"rendered":"https:\/\/optimofuturo.com\/?page_id=814"},"modified":"2022-07-27T10:09:33","modified_gmt":"2022-07-27T15:09:33","slug":"multiva","status":"publish","type":"page","link":"https:\/\/optimofuturo.com\/jerez\/multiva\/","title":{"rendered":"Multiva"},"content":{"rendered":"\t\t<div data-elementor-type=\"wp-page\" data-elementor-id=\"814\" class=\"elementor elementor-814\" data-elementor-post-type=\"page\">\n\t\t\t\t\t\t<section class=\"elementor-section elementor-top-section elementor-element elementor-element-13fb58d elementor-section-boxed elementor-section-height-default elementor-section-height-default\" data-id=\"13fb58d\" data-element_type=\"section\" data-e-type=\"section\">\n\t\t\t\t\t\t<div class=\"elementor-container elementor-column-gap-default\">\n\t\t\t\t\t<div class=\"elementor-column elementor-col-50 elementor-top-column elementor-element elementor-element-7357349\" data-id=\"7357349\" data-element_type=\"column\" data-e-type=\"column\" data-settings=\"{&quot;background_background&quot;:&quot;classic&quot;}\">\n\t\t\t<div class=\"elementor-widget-wrap elementor-element-populated\">\n\t\t\t\t\t\t<div class=\"elementor-element elementor-element-57d15b1 elementor-widget elementor-widget-image\" data-id=\"57d15b1\" data-element_type=\"widget\" data-e-type=\"widget\" data-widget_type=\"image.default\">\n\t\t\t\t<div class=\"elementor-widget-container\">\n\t\t\t\t\t\t\t\t\t\t\t\t\t\t\t<img decoding=\"async\" src=\"https:\/\/optimofuturo.com\/wp-content\/uploads\/2022\/07\/LogoMultiva.png\" title=\"\" alt=\"\" loading=\"lazy\" \/>\t\t\t\t\t\t\t\t\t\t\t\t\t\t\t<\/div>\n\t\t\t\t<\/div>\n\t\t\t\t<div class=\"elementor-element elementor-element-402d164 elementor-widget elementor-widget-heading\" data-id=\"402d164\" data-element_type=\"widget\" data-e-type=\"widget\" data-widget_type=\"heading.default\">\n\t\t\t\t<div class=\"elementor-widget-container\">\n\t\t\t\t\t<h2 class=\"elementor-heading-title elementor-size-default\">Eres Pensionado o Jubilado<\/h2>\t\t\t\t<\/div>\n\t\t\t\t<\/div>\n\t\t\t\t<div class=\"elementor-element elementor-element-c669d9e elementor-widget elementor-widget-heading\" data-id=\"c669d9e\" data-element_type=\"widget\" data-e-type=\"widget\" data-widget_type=\"heading.default\">\n\t\t\t\t<div class=\"elementor-widget-container\">\n\t\t\t\t\t<span class=\"elementor-heading-title elementor-size-medium\">Solicita tu Pr\u00e9stamo ahora<\/span>\t\t\t\t<\/div>\n\t\t\t\t<\/div>\n\t\t\t\t<div class=\"elementor-element elementor-element-36bbf16 elementor-widget elementor-widget-text-editor\" data-id=\"36bbf16\" data-element_type=\"widget\" data-e-type=\"widget\" data-widget_type=\"text-editor.default\">\n\t\t\t\t<div class=\"elementor-widget-container\">\n\t\t\t\t\t\t\t\t\t<p><br \/>Te ofrecemos montos desde<strong> $5,000<\/strong> hasta <strong>$600,000<\/strong> pesos sin comisi\u00f3n de apertura.<br \/><strong>No se necesita el bur\u00f3 de cr\u00e9dito.<\/strong><br \/><strong><span style=\"color: #003366;\">Tr\u00e1mite sin costo.<\/span><\/strong><br \/>Tendr\u00e1s respuesta inmediato antes de las primeras <strong>48 horas<\/strong>.<\/p>\t\t\t\t\t\t\t\t<\/div>\n\t\t\t\t<\/div>\n\t\t\t\t\t<\/div>\n\t\t<\/div>\n\t\t\t\t<div class=\"elementor-column elementor-col-50 elementor-top-column elementor-element elementor-element-dcef0a5\" data-id=\"dcef0a5\" data-element_type=\"column\" data-e-type=\"column\" data-settings=\"{&quot;background_background&quot;:&quot;classic&quot;}\">\n\t\t\t<div class=\"elementor-widget-wrap\">\n\t\t\t\t\t\t\t<\/div>\n\t\t<\/div>\n\t\t\t\t\t<\/div>\n\t\t<\/section>\n\t\t\t\t<\/div>\n\t\t","protected":false},"excerpt":{"rendered":"<p>Eres Pensionado o Jubilado Solicita tu Pr\u00e9stamo ahora Te ofrecemos montos desde $5,000 hasta $600,000 pesos sin comisi\u00f3n de apertura. No se necesita el bur\u00f3 de cr\u00e9dito. Tr\u00e1mite sin costo. Tendr\u00e1s respuesta inmediato antes de las primeras 48 horas.<\/p>\n","protected":false},"author":14,"featured_media":837,"parent":0,"menu_order":0,"comment_status":"closed","ping_status":"closed","template":"","meta":{"site-sidebar-layout":"no-sidebar","site-content-layout":"page-builder","ast-site-content-layout":"default","site-content-style":"default","site-sidebar-style":"default","ast-global-header-display":"","ast-banner-title-visibility":"","ast-main-header-display":"","ast-hfb-above-header-display":"","ast-hfb-below-header-display":"","ast-hfb-mobile-header-display":"","site-post-title":"disabled","ast-breadcrumbs-content":"","ast-featured-img":"disabled","footer-sml-layout":"","ast-disable-related-posts":"","theme-transparent-header-meta":"","adv-header-id-meta":"","stick-header-meta":"","header-above-stick-meta":"","header-main-stick-meta":"","header-below-stick-meta":"","astra-migrate-meta-layouts":"default","ast-page-background-enabled":"default","ast-page-background-meta":{"desktop":{"background-color":"var(--ast-global-color-4)","background-image":"","background-repeat":"repeat","background-position":"center center","background-size":"auto","background-attachment":"scroll","background-type":"","background-media":"","overlay-type":"","overlay-color":"","overlay-opacity":"","overlay-gradient":""},"tablet":{"background-color":"","background-image":"","background-repeat":"repeat","background-position":"center center","background-size":"auto","background-attachment":"scroll","background-type":"","background-media":"","overlay-type":"","overlay-color":"","overlay-opacity":"","overlay-gradient":""},"mobile":{"background-color":"","background-image":"","background-repeat":"repeat","background-position":"center center","background-size":"auto","background-attachment":"scroll","background-type":"","background-media":"","overlay-type":"","overlay-color":"","overlay-opacity":"","overlay-gradient":""}},"ast-content-background-meta":{"desktop":{"background-color":"var(--ast-global-color-5)","background-image":"","background-repeat":"repeat","background-position":"center center","background-size":"auto","background-attachment":"scroll","background-type":"","background-media":"","overlay-type":"","overlay-color":"","overlay-opacity":"","overlay-gradient":""},"tablet":{"background-color":"var(--ast-global-color-5)","background-image":"","background-repeat":"repeat","background-position":"center center","background-size":"auto","background-attachment":"scroll","background-type":"","background-media":"","overlay-type":"","overlay-color":"","overlay-opacity":"","overlay-gradient":""},"mobile":{"background-color":"var(--ast-global-color-5)","background-image":"","background-repeat":"repeat","background-position":"center center","background-size":"auto","background-attachment":"scroll","background-type":"","background-media":"","overlay-type":"","overlay-color":"","overlay-opacity":"","overlay-gradient":""}},"footnotes":""},"class_list":["post-814","page","type-page","status-publish","has-post-thumbnail","hentry"],"yoast_head":"<!-- This site is optimized with the Yoast SEO plugin v25.6 - https:\/\/yoast.com\/wordpress\/plugins\/seo\/ -->\n<title>Multiva - Sucursal Jerez<\/title>\n<meta name=\"description\" content=\"Solicita tu pr\u00e9stamo si eres pensionado o jubilado.Te ofrecemos montos desde $5,000 hasta $600,000 sin comisi\u00f3n de apertura.\" \/>\n<meta name=\"robots\" content=\"index, follow, max-snippet:-1, max-image-preview:large, max-video-preview:-1\" \/>\n<link rel=\"canonical\" href=\"https:\/\/optimofuturo.com\/jerez\/multiva\/\" \/>\n<meta property=\"og:locale\" content=\"es_MX\" \/>\n<meta property=\"og:type\" content=\"article\" \/>\n<meta property=\"og:title\" content=\"Multiva - Sucursal Jerez\" \/>\n<meta property=\"og:description\" content=\"Solicita tu pr\u00e9stamo si eres pensionado o jubilado.Te ofrecemos montos desde $5,000 hasta $600,000 sin comisi\u00f3n de apertura.\" \/>\n<meta property=\"og:url\" content=\"https:\/\/optimofuturo.com\/jerez\/multiva\/\" \/>\n<meta property=\"og:site_name\" content=\"Sucursal Jerez\" \/>\n<meta name=\"twitter:card\" content=\"summary_large_image\" \/>\n<meta name=\"twitter:title\" content=\"Multiva - Sucursal Jerez\" \/>\n<meta name=\"twitter:description\" content=\"Solicita tu pr\u00e9stamo si eres pensionado o jubilado.Te ofrecemos montos desde $5,000 hasta $600,000 sin comisi\u00f3n de apertura.\" \/>\n<meta name=\"twitter:label1\" content=\"Tiempo de lectura\" \/>\n\t<meta name=\"twitter:data1\" content=\"1 minuto\" \/>\n<script type=\"application\/ld+json\" class=\"yoast-schema-graph\">{\"@context\":\"https:\/\/schema.org\",\"@graph\":[{\"@type\":\"WebPage\",\"@id\":\"https:\/\/optimofuturo.com\/jerez\/multiva\/\",\"url\":\"https:\/\/optimofuturo.com\/jerez\/multiva\/\",\"name\":\"Multiva - Sucursal Jerez\",\"isPartOf\":{\"@id\":\"https:\/\/optimofuturo.com\/jerez\/#website\"},\"primaryImageOfPage\":{\"@id\":\"https:\/\/optimofuturo.com\/jerez\/multiva\/#primaryimage\"},\"image\":{\"@id\":\"https:\/\/optimofuturo.com\/jerez\/multiva\/#primaryimage\"},\"thumbnailUrl\":\"\",\"datePublished\":\"2022-07-27T15:09:33+00:00\",\"description\":\"Solicita tu pr\u00e9stamo si eres pensionado o jubilado.Te ofrecemos montos desde $5,000 hasta $600,000 sin comisi\u00f3n de apertura.\",\"breadcrumb\":{\"@id\":\"https:\/\/optimofuturo.com\/jerez\/multiva\/#breadcrumb\"},\"inLanguage\":\"es\",\"potentialAction\":[{\"@type\":\"ReadAction\",\"target\":[\"https:\/\/optimofuturo.com\/jerez\/multiva\/\"]}]},{\"@type\":\"ImageObject\",\"inLanguage\":\"es\",\"@id\":\"https:\/\/optimofuturo.com\/jerez\/multiva\/#primaryimage\",\"url\":\"\",\"contentUrl\":\"\"},{\"@type\":\"BreadcrumbList\",\"@id\":\"https:\/\/optimofuturo.com\/jerez\/multiva\/#breadcrumb\",\"itemListElement\":[{\"@type\":\"ListItem\",\"position\":1,\"name\":\"Home\",\"item\":\"https:\/\/optimofuturo.com\/jerez\/\"},{\"@type\":\"ListItem\",\"position\":2,\"name\":\"Multiva\"}]},{\"@type\":\"WebSite\",\"@id\":\"https:\/\/optimofuturo.com\/jerez\/#website\",\"url\":\"https:\/\/optimofuturo.com\/jerez\/\",\"name\":\"Sucursal Jerez\",\"description\":\"Optimo Futuro\",\"publisher\":{\"@id\":\"https:\/\/optimofuturo.com\/jerez\/#organization\"},\"potentialAction\":[{\"@type\":\"SearchAction\",\"target\":{\"@type\":\"EntryPoint\",\"urlTemplate\":\"https:\/\/optimofuturo.com\/jerez\/?s={search_term_string}\"},\"query-input\":{\"@type\":\"PropertyValueSpecification\",\"valueRequired\":true,\"valueName\":\"search_term_string\"}}],\"inLanguage\":\"es\"},{\"@type\":\"Organization\",\"@id\":\"https:\/\/optimofuturo.com\/jerez\/#organization\",\"name\":\"Sucursal Jerez\",\"url\":\"https:\/\/optimofuturo.com\/jerez\/\",\"logo\":{\"@type\":\"ImageObject\",\"inLanguage\":\"es\",\"@id\":\"https:\/\/optimofuturo.com\/jerez\/#\/schema\/logo\/image\/\",\"url\":\"https:\/\/optimofuturo.com\/jerez\/wp-content\/uploads\/sites\/14\/2022\/09\/cropped-logo-1.png\",\"contentUrl\":\"https:\/\/optimofuturo.com\/jerez\/wp-content\/uploads\/sites\/14\/2022\/09\/cropped-logo-1.png\",\"width\":1000,\"height\":764,\"caption\":\"Sucursal Jerez\"},\"image\":{\"@id\":\"https:\/\/optimofuturo.com\/jerez\/#\/schema\/logo\/image\/\"}}]}<\/script>\n<!-- \/ Yoast SEO plugin. -->","yoast_head_json":{"title":"Multiva - Sucursal Jerez","description":"Solicita tu pr\u00e9stamo si eres pensionado o jubilado.Te ofrecemos montos desde $5,000 hasta $600,000 sin comisi\u00f3n de apertura.","robots":{"index":"index","follow":"follow","max-snippet":"max-snippet:-1","max-image-preview":"max-image-preview:large","max-video-preview":"max-video-preview:-1"},"canonical":"https:\/\/optimofuturo.com\/jerez\/multiva\/","og_locale":"es_MX","og_type":"article","og_title":"Multiva - Sucursal Jerez","og_description":"Solicita tu pr\u00e9stamo si eres pensionado o jubilado.Te ofrecemos montos desde $5,000 hasta $600,000 sin comisi\u00f3n de apertura.","og_url":"https:\/\/optimofuturo.com\/jerez\/multiva\/","og_site_name":"Sucursal Jerez","twitter_card":"summary_large_image","twitter_title":"Multiva - Sucursal Jerez","twitter_description":"Solicita tu pr\u00e9stamo si eres pensionado o jubilado.Te ofrecemos montos desde $5,000 hasta $600,000 sin comisi\u00f3n de apertura.","twitter_misc":{"Tiempo de lectura":"1 minuto"},"schema":{"@context":"https:\/\/schema.org","@graph":[{"@type":"WebPage","@id":"https:\/\/optimofuturo.com\/jerez\/multiva\/","url":"https:\/\/optimofuturo.com\/jerez\/multiva\/","name":"Multiva - Sucursal Jerez","isPartOf":{"@id":"https:\/\/optimofuturo.com\/jerez\/#website"},"primaryImageOfPage":{"@id":"https:\/\/optimofuturo.com\/jerez\/multiva\/#primaryimage"},"image":{"@id":"https:\/\/optimofuturo.com\/jerez\/multiva\/#primaryimage"},"thumbnailUrl":"","datePublished":"2022-07-27T15:09:33+00:00","description":"Solicita tu pr\u00e9stamo si eres pensionado o jubilado.Te ofrecemos montos desde $5,000 hasta $600,000 sin comisi\u00f3n de apertura.","breadcrumb":{"@id":"https:\/\/optimofuturo.com\/jerez\/multiva\/#breadcrumb"},"inLanguage":"es","potentialAction":[{"@type":"ReadAction","target":["https:\/\/optimofuturo.com\/jerez\/multiva\/"]}]},{"@type":"ImageObject","inLanguage":"es","@id":"https:\/\/optimofuturo.com\/jerez\/multiva\/#primaryimage","url":"","contentUrl":""},{"@type":"BreadcrumbList","@id":"https:\/\/optimofuturo.com\/jerez\/multiva\/#breadcrumb","itemListElement":[{"@type":"ListItem","position":1,"name":"Home","item":"https:\/\/optimofuturo.com\/jerez\/"},{"@type":"ListItem","position":2,"name":"Multiva"}]},{"@type":"WebSite","@id":"https:\/\/optimofuturo.com\/jerez\/#website","url":"https:\/\/optimofuturo.com\/jerez\/","name":"Sucursal Jerez","description":"Optimo Futuro","publisher":{"@id":"https:\/\/optimofuturo.com\/jerez\/#organization"},"potentialAction":[{"@type":"SearchAction","target":{"@type":"EntryPoint","urlTemplate":"https:\/\/optimofuturo.com\/jerez\/?s={search_term_string}"},"query-input":{"@type":"PropertyValueSpecification","valueRequired":true,"valueName":"search_term_string"}}],"inLanguage":"es"},{"@type":"Organization","@id":"https:\/\/optimofuturo.com\/jerez\/#organization","name":"Sucursal Jerez","url":"https:\/\/optimofuturo.com\/jerez\/","logo":{"@type":"ImageObject","inLanguage":"es","@id":"https:\/\/optimofuturo.com\/jerez\/#\/schema\/logo\/image\/","url":"https:\/\/optimofuturo.com\/jerez\/wp-content\/uploads\/sites\/14\/2022\/09\/cropped-logo-1.png","contentUrl":"https:\/\/optimofuturo.com\/jerez\/wp-content\/uploads\/sites\/14\/2022\/09\/cropped-logo-1.png","width":1000,"height":764,"caption":"Sucursal Jerez"},"image":{"@id":"https:\/\/optimofuturo.com\/jerez\/#\/schema\/logo\/image\/"}}]}},"_links":{"self":[{"href":"https:\/\/optimofuturo.com\/jerez\/wp-json\/wp\/v2\/pages\/814"}],"collection":[{"href":"https:\/\/optimofuturo.com\/jerez\/wp-json\/wp\/v2\/pages"}],"about":[{"href":"https:\/\/optimofuturo.com\/jerez\/wp-json\/wp\/v2\/types\/page"}],"author":[{"embeddable":true,"href":"https:\/\/optimofuturo.com\/jerez\/wp-json\/wp\/v2\/users\/14"}],"replies":[{"embeddable":true,"href":"https:\/\/optimofuturo.com\/jerez\/wp-json\/wp\/v2\/comments?post=814"}],"version-history":[{"count":0,"href":"https:\/\/optimofuturo.com\/jerez\/wp-json\/wp\/v2\/pages\/814\/revisions"}],"wp:featuredmedia":[{"embeddable":true,"href":"https:\/\/optimofuturo.com\/jerez\/wp-json\/"}],"wp:attachment":[{"href":"https:\/\/optimofuturo.com\/jerez\/wp-json\/wp\/v2\/media?parent=814"}],"curies":[{"name":"wp","href":"https:\/\/api.w.org\/{rel}","templated":true}]}}